h + m + 375 = w*h, 0 = 3*h - 2*m - 218. List the prime factors of h.
2, 19
Let z be ((-20)/(-7))/(40/(-140)). Let i = 32 + -7. Let f = i + z. List the prime factors of f.
3, 5
Suppose 3*x - 2*l + 28 = 0, 0*l - 3*l = 4*x + 60. Let p = x + 55. What are the prime factors of p?
43
Let g(c) = c**2 - c. Let r be g(1). List the prime factors of (31 + -1 + -1)*(r + 7).
7, 29
Let n be (-935)/10 - 3/(-6). Let f = -54 - n. List the prime factors of f.
3, 13
Suppose 5*v + 86 + 84 = 0. Let a = v + 148. Suppose 3*s + 2 - a = -2*i, 0 = -2*i - 2. What are the prime factors of s?
2, 19
Let t = -12 + 22. Suppose -2*u - j = -104, 3*u + j + t = 167. Suppose -2*c = 2*a + 5 - u, 4*c = -5*a + 92. What are the prime factors of c?
2, 7
What are the prime factors of (2/(-5))/((-102)/95115)?
373
Suppose 0 = 4*w - 2*g + 12 + 8, -3*w + 4*g = 5. Let f(p) = -p**2 - p. Let l(t) = 2*t**2 + 9*t + 2. Let i(u) = -f(u) - l(u). What are the prime factors of i(w)?
5
Let v(y) = y**3 + y**2 + y + 1. Let b(h) = 4*h**3 - 12*h - 4. Let p(w) = b(w) - v(w). List the prime factors of p(5).
2, 5, 7
Let b = 11 + -9. Suppose b*y + 252 = 5*y. List the prime factors of y.
2, 3, 7
Suppose 0 = -25*a + 12756 - 2406. What are the prime factors of a?
2, 3, 23
Suppose 15 = -69*z + 74*z. Suppose -z*f = 3*c + c - 327, -4*f - 4*c = -436. What are the prime factors of f?
109
Let k(o) be the second derivative of o**5/20 - o**4/3 + o**3 - o**2/2 + 6*o. Let i be k(4). Suppose -i = -3*b + 31. What are the prime factors of b?
2, 3
Let o be 0 - (-205 - (-1 - 2)). Let t = o - 59. List the prime factors of t.
11, 13
Suppose -4*c + 32 = 5*u, -5*c - 3 = -18. Suppose 3*n - n - u = 0. Suppose 4*r + n*o - 70 = r, 4*o + 58 = 3*r. What are the prime factors of r?
2, 11
Suppose -4432 = 3*v - 5*v. List the prime factors of v.
2, 277
List the prime factors of -15 + 10 - 0 - -4945.
2, 5, 13, 19
Let i be (1 + 1 + -1)/1. Let m be 8 + -8 - i*59. Let q = -23 - m. List the prime factors of q.
2, 3
Let g(z) = 5*z + 7 - 6*z**2 + 11*z**2 - 37*z**3 - 9*z**2 + 3*z**2. List the prime factors of g(-2).
17
Suppose -5*b = -118 + 98. List the prime factors of b.
2
Let o = 3084 - -1097. What are the prime factors of o?
37, 113
What are the prime factors of (-2848)/(-1)*(-11)/(-22)?
2, 89
Let o(q) = q**3 + 3*q**2 - 2*q - 3. Let b(a) = a - 13. Let y be b(9). Let v be o(y). What are the prime factors of 18 + -1 + 10 + v?
2
Suppose 107 = 5*o + c, -4*o + 51 = 5*c - 43. Let w be 2/7 - (-1423)/(-7). List the prime factors of (w/o)/((-2)/12).
2, 29
Let f(v) = 6*v + 176. What are the prime factors of f(19)?
2, 5, 29
Let n = 18 + -14. Suppose -n*a - 70 + 14 = 0. What are the prime factors of (-6)/(-21) - 472/a?
2, 17
Let h = 223 - 146. Suppose -31 = s - o, -5*s + 2*o - 149 = 3*o. Let v = h + s. List the prime factors of v.
47
Suppose 12*l - 12 = 8*l. Suppose 0 = -5*k + 22 + l. Suppose -2*a = k*r - 34, 0*a - 104 = -4*a - r. List the prime factors of a.
3
Let l = -854 + 1761. What are the prime factors of l?
907
Suppose -4*x + 94 = -3*x. Suppose -3*g - x = -5*f + 8, -5*f - 5*g = -70. What are the prime factors of f/12*164/6?
41
Let u = 3 + 1. Suppose 5*f = -u*l, -4*l + f + f + 28 = 0. Suppose 14 = -l*x + 6*x. List the prime factors of x.
2, 7
Let r(y) = y**3 - y**2 - y - 7. Let c be r(3). Let n(v) = -6*v**2 - 3 - 8*v + v**3 - 3*v + 0*v**2. What are the prime factors of n(c)?
37
Let g be (-3)/9*0 - -5. What are the prime factors of (-408)/(-30) - (-2)/g?
2, 7
Let d = 1009 + -2112. Let v = -762 - d. What are the prime factors of v?
11, 31
Let n = 144 - 86. Suppose 0*k + k = n. Let t = k - 22. List the prime factors of t.
2, 3
Suppose 6*s - 25*s = -7467. List the prime factors of s.
3, 131
Suppose -34*v = 4891 - 43209. What are the prime factors of v?
7, 23
Suppose -4*k = -5*f - 35, -5*f - 6*k + 10 = -k. Suppose 4*w + 130 = 2*j + 7*w, 2*w = 3*j - 169. List the prime factors of (f + 2)*(6 - j).
53
Let a be (0/(-1))/(-4 + 5). Let g be (-9)/(3 - a) - -3. Let f(b) = b**3 + b**2 + b + 22. What are the prime factors of f(g)?
2, 11
Suppose 0 = a + 2, 0 = -3*f - 0*a - 3*a - 12. Let j(b) be the third derivative of 7*b**5/60 + b**4/12 + b**3/6 - 7*b**2. What are the prime factors of j(f)?
5
Suppose 2 = 3*s - 19. Let g = s - -64. Suppose 23 - g = -2*a. List the prime factors of a.
2, 3
Let o(b) = 6*b - 22. Suppose -4*m - 2*a + 16 = 0, 3*a = 2*m - 14 - 2. What are the prime factors of o(m)?
2
Suppose 3*r = 2*b + 11 - 4, -5*b - r + 25 = 0. Suppose -b*n = -0*n - 212. Suppose 2 = 5*d - n. List the prime factors of d.
11
Let s = -6772 + 10047. What are the prime factors of s?
5, 131
Let w(h) = h**2 + 4*h - 6. Let s be w(-6). Suppose -s = -2*q, 4*q - 588 = -4*f + f. What are the prime factors of f?
2, 3
Let c(n) = n + 3. Let x be c(0). Suppose o = 4*q, -5*q - x*o + o = -13. Let y = 8 - q. What are the prime factors of y?
7
Let w = -400 + 537. List the prime factors of w.
137
Suppose 5*l = -5*g + l + 3935, 0 = l. List the prime factors of g.
787
Let i be -1 + (-2 + 1)*-11. Let s be (-3)/15 + 22/i. Suppose -s*t = -6*t + 84. What are the prime factors of t?
3, 7
Suppose -2*g + 696 = -4*d - 1296, 0 = 5*d - 20. List the prime factors of g.
2, 251
Let o = -21 + 30. Let r be (o/6)/(1/2). Suppose 2*u - r*x = -0*x + 24, 0 = 4*u - 2*x - 64. What are the prime factors of u?
2, 3
Let k(n) = 85*n - 215. Let m(u) = -7*u + 18. Let d(j) = 3*k(j) + 35*m(j). List the prime factors of d(8).
5, 13
Suppose 11*g = 14*g - 981. List the prime factors of g.
3, 109
Let t be (16/24)/(2/(-21)). Let u(m) = m**2 - 7*m + 4. Let b(s) = 5*s**2 - 28*s + 17. Let c(x) = -2*b(x) + 9*u(x). List the prime factors of c(t).
2
Let n(b) = 26*b**2 - 14*b + 14. List the prime factors of n(4).
2, 11, 17
Let w = 20 + 20. Let j = w + -35. Suppose j*f - 52 = -u, -u + 23 = -4*f - 38. List the prime factors of u.
3, 19
Let s be -3 + 6 + 353/1. Suppose -s = -5*z + 3*t, -3*z + 204 = -t - 8. Suppose -5*w + 20 + z = 0. What are the prime factors of w?
2, 3
Let v = -340 + 899. List the prime factors of v.
13, 43
Suppose -251*n + 250*n = -279. What are the prime factors of n?
3, 31
Let j be -273 - ((-3)/6 + (-3)/(-6)). What are the prime factors of (28/(-3))/2*13338/j?
2, 3, 19
Suppose 0*o + 3*p + 47 = o, 0 = -4*o + 2*p + 218. What are the prime factors of o?
2, 7
Let h(k) be the third derivative of 0 - k**3 + 0*k + 1/24*k**4 + 1/60*k**5 - 3*k**2. What are the prime factors of h(6)?
2, 3
Suppose 3*v - 2*t - 4 = -0*v, -4*v - 3*t = -28. Suppose c - 55 = -4*q, -v*c - 5*q + 61 = -170. List the prime factors of c.
59
Let s be -2*(-9)/(36/(-8)). Let k(z) be the first derivative of z**4/4 + 5*z**3/3 - 5*z**2/2 - 8*z - 2. List the prime factors of k(s).
2, 7
What are the prime factors of (5/(-3) + 1)*(2 - 254)?
2, 3, 7
Let d = -5 + 7. Let p be d + (0 - -4)/1. Let c = 24 - p. List the prime factors of c.
2, 3
Let r(g) = g**3 + 19*g**2 - 5*g + 34. List the prime factors of r(-18).
2, 7
Suppose 325*i - 334*i + 12861 = 0. What are the prime factors of i?
1429
Suppose 7*t - 582 = 2*t + 3*u, -4*t - 2*u = -470. Suppose -j = -4 - t. List the prime factors of j.
11
Let b(f) = 154*f + 81. List the prime factors of b(9).
3, 163
Suppose 0 = -3*f + 3285 - 519. What are the prime factors of f?
2, 461
Suppose -q - 131 + 479 = -4*s, -3*q - s + 1070 = 0. List the prime factors of q.
2, 89
Let s be 0 + 2 - (9 - -1). Let j(h) = h**2 - 10*h - 4. Let w be j(5). List the prime factors of w/(-3) + s/12.
3
Suppose -4*r - 21 = -m, -m - 16 = -2*m - r. What are the prime factors of m?
17
Let q(c) = -4*c + 28. Let t be q(6). Suppose v - t*h = 40, 4*h + 0*h = 4*v - 160. What are the prime factors of v?
2, 5
Suppose 0*y - 7*y = 1274. List the prime factors of y/(-2 - 0) + 2 + -1.
2, 23
Let w(r) = r**2 + 4*r + 2. Let l be w(-4). Suppose 0 = x + 3, -4*c - 10 = 2*x - 160. Suppose -3*j = -l*j - c. What are the prime factors of j?
3, 13
Let s(v) = -v + 1. Let g(w) = 7*w - 4. Let k(t) = -g(t) - 5*s(t). Let x be k(-6). Suppose 0 = -7*u + x*u - 8. What are the prime factors of u?
2
Let c(i) = i**2 - 3*i**2 - 3*i**2 - 3*i - 2*i**3 - i - 3. List the prime factors of c(-4).
61
Let c be 0 - (2/1)/(-1). Suppose 5*q = -2*f - 0*f + 518, -2*f + 212 = c*q. Let k = q - 56. List the prime factors of k.
2, 23
Let r be (-40)/(-15)*450/(-24). What are the prime factors of (2540/r